{"id":1336,"date":"2021-11-19T16:38:50","date_gmt":"2021-11-19T16:38:50","guid":{"rendered":"https:\/\/alesalosny.com\/?page_id=1336"},"modified":"2021-11-19T17:42:34","modified_gmt":"2021-11-19T17:42:34","slug":"flujo_de_pago","status":"publish","type":"page","link":"https:\/\/alesalosny.com\/index.php\/flujo_de_pago\/","title":{"rendered":"Flujo de Pago"},"content":{"rendered":"\t\t<div data-elementor-type=\"wp-page\" data-elementor-id=\"1336\" class=\"elementor elementor-1336\" data-elementor-settings=\"[]\">\n\t\t\t\t\t\t<div class=\"elementor-inner\">\n\t\t\t\t\t\t\t<div class=\"elementor-section-wrap\">\n\t\t\t\t\t\t\t<section class=\"elementor-section elementor-top-section elementor-element elementor-element-c0fe22c elementor-section-boxed elementor-section-height-default elementor-section-height-default\" data-id=\"c0fe22c\" data-element_type=\"section\">\n\t\t\t\t\t\t<div class=\"elementor-container elementor-column-gap-default\">\n\t\t\t\t\t\t\t<div class=\"elementor-row\">\n\t\t\t\t\t<div class=\"elementor-column elementor-col-50 elementor-top-column elementor-element elementor-element-bb91580\" data-id=\"bb91580\" data-element_type=\"column\">\n\t\t\t<div class=\"elementor-column-wrap elementor-element-populated\">\n\t\t\t\t\t\t\t<div class=\"elementor-widget-wrap\">\n\t\t\t\t\t\t<div class=\"elementor-element elementor-element-e4d7506 elementor-view-default elementor-vertical-align-top elementor-widget elementor-widget-icon-box\" data-id=\"e4d7506\" data-element_type=\"widget\" data-widget_type=\"icon-box.default\">\n\t\t\t\t<div class=\"elementor-widget-container\">\n\t\t\t\t\t<div class=\"elementor-icon-box-wrapper\">\n\t\t\t\t\t\t<div class=\"elementor-icon-box-content\">\n\t\t\t\t<h3 class=\"elementor-icon-box-title\">\n\t\t\t\t\t<span ><\/span>\n\t\t\t\t<\/h3>\n\t\t\t\t\t\t\t\t<p class=\"elementor-icon-box-description\"><b>Flujo de pago,<\/b> Este dise\u00f1o corresponde a un ejercicio exploratorio de  un flujo de pago estandar para una aplicaci\u00f3n android. Luego de la investigaci\u00f3n del negocio, teniendo definido el flujo y pantallas, en una segunda instancia se procedi\u00f3 a la generaci\u00f3n de <span style=\"font-weight: 700;\">wireframes<\/span> para visualizar y priorizar jerarqu\u00edas(uso de AI),<br><\/p>\n\t\t\t\t\t\t\t<\/div>\n\t\t<\/div>\n\t\t\t\t<\/div>\n\t\t\t\t<\/div>\n\t\t\t\t\t\t<\/div>\n\t\t\t\t\t<\/div>\n\t\t<\/div>\n\t\t\t\t<div class=\"elementor-column elementor-col-50 elementor-top-column elementor-element elementor-element-aa656fa\" data-id=\"aa656fa\" data-element_type=\"column\">\n\t\t\t<div class=\"elementor-column-wrap elementor-element-populated\">\n\t\t\t\t\t\t\t<div class=\"elementor-widget-wrap\">\n\t\t\t\t\t\t<div class=\"elementor-element elementor-element-97ad8e2 elementor-view-default elementor-vertical-align-top elementor-widget elementor-widget-icon-box\" data-id=\"97ad8e2\" data-element_type=\"widget\" data-widget_type=\"icon-box.default\">\n\t\t\t\t<div class=\"elementor-widget-container\">\n\t\t\t\t\t<div class=\"elementor-icon-box-wrapper\">\n\t\t\t\t\t\t<div class=\"elementor-icon-box-content\">\n\t\t\t\t<h3 class=\"elementor-icon-box-title\">\n\t\t\t\t\t<span ><\/span>\n\t\t\t\t<\/h3>\n\t\t\t\t\t\t\t\t<p class=\"elementor-icon-box-description\">funcionalidades y  pantallas. En un tercer lugar proced\u00ed al dise\u00f1o de <span style=\"font-weight: 700;\">mockup<\/span> para definir y pulir el look &amp; feel e iconograf\u00eda y finalmente <span style=\"font-weight: 700;\">prototipar<\/span> lo que contempla dise\u00f1ar e implementar motion y testear.<\/p>\n\t\t\t\t\t\t\t<\/div>\n\t\t<\/div>\n\t\t\t\t<\/div>\n\t\t\t\t<\/div>\n\t\t\t\t\t\t<\/div>\n\t\t\t\t\t<\/div>\n\t\t<\/div>\n\t\t\t\t\t\t\t\t<\/div>\n\t\t\t\t\t<\/div>\n\t\t<\/section>\n\t\t\t\t<section class=\"elementor-section elementor-top-section elementor-element elementor-element-b20a6bf elementor-section-boxed elementor-section-height-default elementor-section-height-default\" data-id=\"b20a6bf\" data-element_type=\"section\">\n\t\t\t\t\t\t<div class=\"elementor-container elementor-column-gap-default\">\n\t\t\t\t\t\t\t<div class=\"elementor-row\">\n\t\t\t\t\t<div class=\"elementor-column elementor-col-100 elementor-top-column elementor-element elementor-element-34b3e81\" data-id=\"34b3e81\" data-element_type=\"column\">\n\t\t\t<div class=\"elementor-column-wrap elementor-element-populated\">\n\t\t\t\t\t\t\t<div class=\"elementor-widget-wrap\">\n\t\t\t\t\t\t<div class=\"elementor-element elementor-element-b9c72b6 elementor-widget elementor-widget-foogallery\" data-id=\"b9c72b6\" data-element_type=\"widget\" data-widget_type=\"foogallery.default\">\n\t\t\t\t<div class=\"elementor-widget-container\">\n\t\t\t<div class=\"foogallery foogallery-container foogallery-masonry foogallery-lightbox-foobox fg-center fg-masonry fg-dark fg-shadow-small fg-loading-default fg-loaded-fade-in fg-hover-grayscale fg-hover-zoomed fg-captions-bottom fg-hover-fade fg-hover-zoom fg-ready fg-col3\" id=\"foogallery-gallery-1322\" data-foogallery=\"{&quot;item&quot;:{&quot;showCaptionTitle&quot;:true,&quot;showCaptionDescription&quot;:true},&quot;lazy&quot;:true}\" >\r\n\t\t<div class=\"fg-column-width\"><\/div>\r\n\t<div class=\"fg-gutter-width\"><\/div>\r\n\t\t<div class=\"fg-item fg-type-image fg-idle\"><figure class=\"fg-item-inner\"><a href=\"https:\/\/alesalosny.com\/wp-content\/uploads\/2021\/11\/1-MP.jpg\" data-attachment-id=\"1323\" class=\"fg-thumb\"><span class=\"fg-image-wrap\"><img loading=\"lazy\" width=\"450\" height=\"253\" class=\"skip-lazy fg-image\" data-src-fg=\"https:\/\/alesalosny.com\/wp-content\/uploads\/cache\/2021\/11\/1-MP\/3961417816.jpg\" src=\"data:image\/svg+xml,%3Csvg%20xmlns%3D%22http%3A%2F%2Fwww.w3.org%2F2000%2Fsvg%22%20width%3D%22450%22%20height%3D%22253%22%20viewBox%3D%220%200%20450%20253%22%3E%3C%2Fsvg%3E\" \/><\/span><span class=\"fg-image-overlay\"><\/span><\/a><\/figure><div class=\"fg-loader\"><\/div><\/div><div class=\"fg-item fg-type-image fg-idle\"><figure class=\"fg-item-inner\"><a href=\"https:\/\/alesalosny.com\/wp-content\/uploads\/2021\/11\/2-m-MP.jpg\" data-attachment-id=\"1324\" class=\"fg-thumb\"><span class=\"fg-image-wrap\"><img loading=\"lazy\" width=\"450\" height=\"253\" class=\"skip-lazy fg-image\" data-src-fg=\"https:\/\/alesalosny.com\/wp-content\/uploads\/cache\/2021\/11\/2-m-MP\/2474166945.jpg\" src=\"data:image\/svg+xml,%3Csvg%20xmlns%3D%22http%3A%2F%2Fwww.w3.org%2F2000%2Fsvg%22%20width%3D%22450%22%20height%3D%22253%22%20viewBox%3D%220%200%20450%20253%22%3E%3C%2Fsvg%3E\" \/><\/span><span class=\"fg-image-overlay\"><\/span><\/a><\/figure><div class=\"fg-loader\"><\/div><\/div><div class=\"fg-item fg-type-image fg-idle\"><figure class=\"fg-item-inner\"><a href=\"https:\/\/alesalosny.com\/wp-content\/uploads\/2021\/11\/3-MP.jpg\" data-attachment-id=\"1326\" class=\"fg-thumb\"><span class=\"fg-image-wrap\"><img loading=\"lazy\" width=\"450\" height=\"253\" class=\"skip-lazy fg-image\" data-src-fg=\"https:\/\/alesalosny.com\/wp-content\/uploads\/cache\/2021\/11\/3-MP\/3417451054.jpg\" src=\"data:image\/svg+xml,%3Csvg%20xmlns%3D%22http%3A%2F%2Fwww.w3.org%2F2000%2Fsvg%22%20width%3D%22450%22%20height%3D%22253%22%20viewBox%3D%220%200%20450%20253%22%3E%3C%2Fsvg%3E\" \/><\/span><span class=\"fg-image-overlay\"><\/span><\/a><\/figure><div class=\"fg-loader\"><\/div><\/div><div class=\"fg-item fg-type-image fg-idle\"><figure class=\"fg-item-inner\"><a href=\"https:\/\/alesalosny.com\/wp-content\/uploads\/2021\/11\/4-MP.jpg\" data-attachment-id=\"1327\" class=\"fg-thumb\"><span class=\"fg-image-wrap\"><img loading=\"lazy\" width=\"450\" height=\"253\" class=\"skip-lazy fg-image\" data-src-fg=\"https:\/\/alesalosny.com\/wp-content\/uploads\/cache\/2021\/11\/4-MP\/4212940662.jpg\" src=\"data:image\/svg+xml,%3Csvg%20xmlns%3D%22http%3A%2F%2Fwww.w3.org%2F2000%2Fsvg%22%20width%3D%22450%22%20height%3D%22253%22%20viewBox%3D%220%200%20450%20253%22%3E%3C%2Fsvg%3E\" \/><\/span><span class=\"fg-image-overlay\"><\/span><\/a><\/figure><div class=\"fg-loader\"><\/div><\/div><div class=\"fg-item fg-type-image fg-idle\"><figure class=\"fg-item-inner\"><a href=\"https:\/\/alesalosny.com\/wp-content\/uploads\/2021\/11\/2-MP.jpg\" data-attachment-id=\"1325\" class=\"fg-thumb\"><span class=\"fg-image-wrap\"><img loading=\"lazy\" width=\"450\" height=\"253\" class=\"skip-lazy fg-image\" data-src-fg=\"https:\/\/alesalosny.com\/wp-content\/uploads\/cache\/2021\/11\/2-MP\/545477763.jpg\" src=\"data:image\/svg+xml,%3Csvg%20xmlns%3D%22http%3A%2F%2Fwww.w3.org%2F2000%2Fsvg%22%20width%3D%22450%22%20height%3D%22253%22%20viewBox%3D%220%200%20450%20253%22%3E%3C%2Fsvg%3E\" \/><\/span><span class=\"fg-image-overlay\"><\/span><\/a><\/figure><div class=\"fg-loader\"><\/div><\/div><div class=\"fg-item fg-type-image fg-idle\"><figure class=\"fg-item-inner\"><a href=\"https:\/\/alesalosny.com\/wp-content\/uploads\/2021\/11\/5-M.png\" data-attachment-id=\"1328\" class=\"fg-thumb\"><span class=\"fg-image-wrap\"><img loading=\"lazy\" width=\"450\" height=\"253\" class=\"skip-lazy fg-image\" data-src-fg=\"https:\/\/alesalosny.com\/wp-content\/uploads\/cache\/2021\/11\/5-M\/2151168391.png\" src=\"data:image\/svg+xml,%3Csvg%20xmlns%3D%22http%3A%2F%2Fwww.w3.org%2F2000%2Fsvg%22%20width%3D%22450%22%20height%3D%22253%22%20viewBox%3D%220%200%20450%20253%22%3E%3C%2Fsvg%3E\" \/><\/span><span class=\"fg-image-overlay\"><\/span><\/a><\/figure><div class=\"fg-loader\"><\/div><\/div><div class=\"fg-item fg-type-image fg-idle\"><figure class=\"fg-item-inner\"><a href=\"https:\/\/alesalosny.com\/wp-content\/uploads\/2021\/11\/6-M.png\" data-attachment-id=\"1329\" class=\"fg-thumb\"><span class=\"fg-image-wrap\"><img loading=\"lazy\" width=\"450\" height=\"253\" class=\"skip-lazy fg-image\" data-src-fg=\"https:\/\/alesalosny.com\/wp-content\/uploads\/cache\/2021\/11\/6-M\/2455316498.png\" src=\"data:image\/svg+xml,%3Csvg%20xmlns%3D%22http%3A%2F%2Fwww.w3.org%2F2000%2Fsvg%22%20width%3D%22450%22%20height%3D%22253%22%20viewBox%3D%220%200%20450%20253%22%3E%3C%2Fsvg%3E\" \/><\/span><span class=\"fg-image-overlay\"><\/span><\/a><\/figure><div class=\"fg-loader\"><\/div><\/div><div class=\"fg-item fg-type-image fg-idle\"><figure class=\"fg-item-inner\"><a href=\"https:\/\/alesalosny.com\/wp-content\/uploads\/2021\/11\/7-M.png\" data-attachment-id=\"1330\" class=\"fg-thumb\"><span class=\"fg-image-wrap\"><img loading=\"lazy\" width=\"450\" height=\"253\" class=\"skip-lazy fg-image\" data-src-fg=\"https:\/\/alesalosny.com\/wp-content\/uploads\/cache\/2021\/11\/7-M\/975815893.png\" src=\"data:image\/svg+xml,%3Csvg%20xmlns%3D%22http%3A%2F%2Fwww.w3.org%2F2000%2Fsvg%22%20width%3D%22450%22%20height%3D%22253%22%20viewBox%3D%220%200%20450%20253%22%3E%3C%2Fsvg%3E\" \/><\/span><span class=\"fg-image-overlay\"><\/span><\/a><\/figure><div class=\"fg-loader\"><\/div><\/div><div class=\"fg-item fg-type-image fg-idle\"><figure class=\"fg-item-inner\"><a href=\"https:\/\/alesalosny.com\/wp-content\/uploads\/2021\/11\/8-M.png\" data-attachment-id=\"1331\" class=\"fg-thumb\"><span class=\"fg-image-wrap\"><img loading=\"lazy\" width=\"450\" height=\"253\" class=\"skip-lazy fg-image\" data-src-fg=\"https:\/\/alesalosny.com\/wp-content\/uploads\/cache\/2021\/11\/8-M\/846476750.png\" src=\"data:image\/svg+xml,%3Csvg%20xmlns%3D%22http%3A%2F%2Fwww.w3.org%2F2000%2Fsvg%22%20width%3D%22450%22%20height%3D%22253%22%20viewBox%3D%220%200%20450%20253%22%3E%3C%2Fsvg%3E\" \/><\/span><span class=\"fg-image-overlay\"><\/span><\/a><\/figure><div class=\"fg-loader\"><\/div><\/div><div class=\"fg-item fg-type-image fg-idle\"><figure class=\"fg-item-inner\"><a href=\"https:\/\/alesalosny.com\/wp-content\/uploads\/2021\/11\/9-M.png\" data-attachment-id=\"1332\" class=\"fg-thumb\"><span class=\"fg-image-wrap\"><img loading=\"lazy\" width=\"450\" height=\"253\" class=\"skip-lazy fg-image\" data-src-fg=\"https:\/\/alesalosny.com\/wp-content\/uploads\/cache\/2021\/11\/9-M\/222078731.png\" src=\"data:image\/svg+xml,%3Csvg%20xmlns%3D%22http%3A%2F%2Fwww.w3.org%2F2000%2Fsvg%22%20width%3D%22450%22%20height%3D%22253%22%20viewBox%3D%220%200%20450%20253%22%3E%3C%2Fsvg%3E\" \/><\/span><span class=\"fg-image-overlay\"><\/span><\/a><\/figure><div class=\"fg-loader\"><\/div><\/div><div class=\"fg-item fg-type-image fg-idle\"><figure class=\"fg-item-inner\"><a href=\"https:\/\/alesalosny.com\/wp-content\/uploads\/2021\/11\/10-M.png\" data-attachment-id=\"1333\" class=\"fg-thumb\"><span class=\"fg-image-wrap\"><img loading=\"lazy\" width=\"450\" height=\"252\" class=\"skip-lazy fg-image\" data-src-fg=\"https:\/\/alesalosny.com\/wp-content\/uploads\/cache\/2021\/11\/10-M\/3910551932.png\" src=\"data:image\/svg+xml,%3Csvg%20xmlns%3D%22http%3A%2F%2Fwww.w3.org%2F2000%2Fsvg%22%20width%3D%22450%22%20height%3D%22252%22%20viewBox%3D%220%200%20450%20252%22%3E%3C%2Fsvg%3E\" \/><\/span><span class=\"fg-image-overlay\"><\/span><\/a><\/figure><div class=\"fg-loader\"><\/div><\/div><div class=\"fg-item fg-type-image fg-idle\"><figure class=\"fg-item-inner\"><a href=\"https:\/\/alesalosny.com\/wp-content\/uploads\/2021\/11\/11-M.png\" data-attachment-id=\"1334\" class=\"fg-thumb\"><span class=\"fg-image-wrap\"><img loading=\"lazy\" width=\"450\" height=\"1023\" class=\"skip-lazy fg-image\" data-src-fg=\"https:\/\/alesalosny.com\/wp-content\/uploads\/cache\/2021\/11\/11-M\/1245577283.png\" src=\"data:image\/svg+xml,%3Csvg%20xmlns%3D%22http%3A%2F%2Fwww.w3.org%2F2000%2Fsvg%22%20width%3D%22450%22%20height%3D%221023%22%20viewBox%3D%220%200%20450%201023%22%3E%3C%2Fsvg%3E\" \/><\/span><span class=\"fg-image-overlay\"><\/span><\/a><\/figure><div class=\"fg-loader\"><\/div><\/div><\/div>\t\t<\/div>\n\t\t\t\t<\/div>\n\t\t\t\t\t\t<\/div>\n\t\t\t\t\t<\/div>\n\t\t<\/div>\n\t\t\t\t\t\t\t\t<\/div>\n\t\t\t\t\t<\/div>\n\t\t<\/section>\n\t\t\t\t\t\t<\/div>\n\t\t\t\t\t\t<\/div>\n\t\t\t\t\t<\/div>\n\t\t","protected":false},"excerpt":{"rendered":"<p>Flujo de pago, Este dise\u00f1o corresponde a un ejercicio exploratorio de un flujo de pago estandar para una aplicaci\u00f3n android. Luego de la investigaci\u00f3n del negocio, teniendo definido el flujo y pantallas, en una segunda instancia se procedi\u00f3 a la generaci\u00f3n de wireframes para visualizar y priorizar jerarqu\u00edas(uso de AI), funcionalidades y pantallas. En un tercer lugar proced\u00ed al dise\u00f1o de mockup para definir y pulir el look &amp; feel e iconograf\u00eda y finalmente prototipar lo que contempla dise\u00f1ar e implementar motion y testear.<\/p>\n","protected":false},"author":1,"featured_media":0,"parent":0,"menu_order":0,"comment_status":"closed","ping_status":"closed","template":"elementor_theme","meta":{"advanced_seo_description":"","ngg_post_thumbnail":0,"spay_email":""},"_links":{"self":[{"href":"https:\/\/alesalosny.com\/index.php\/wp-json\/wp\/v2\/pages\/1336"}],"collection":[{"href":"https:\/\/alesalosny.com\/index.php\/wp-json\/wp\/v2\/pages"}],"about":[{"href":"https:\/\/alesalosny.com\/index.php\/wp-json\/wp\/v2\/types\/page"}],"author":[{"embeddable":true,"href":"https:\/\/alesalosny.com\/index.php\/wp-json\/wp\/v2\/users\/1"}],"replies":[{"embeddable":true,"href":"https:\/\/alesalosny.com\/index.php\/wp-json\/wp\/v2\/comments?post=1336"}],"version-history":[{"count":7,"href":"https:\/\/alesalosny.com\/index.php\/wp-json\/wp\/v2\/pages\/1336\/revisions"}],"predecessor-version":[{"id":1344,"href":"https:\/\/alesalosny.com\/index.php\/wp-json\/wp\/v2\/pages\/1336\/revisions\/1344"}],"wp:attachment":[{"href":"https:\/\/alesalosny.com\/index.php\/wp-json\/wp\/v2\/media?parent=1336"}],"curies":[{"name":"wp","href":"https:\/\/api.w.org\/{rel}","templated":true}]}}